e ten thousands digit of 518004?
1
What is the thousands digit of 8684097?
4
What is the tens digit of 350128?
2
What is the ten thousands digit of 269087?
6
What is the thousands digit of 91347?
1
What is the hundreds digit of 700512?
5
What is the tens digit of 270551?
5
What is the units digit of 15853?
3
What is the units digit of 930628?
8
What is the thousands digit of 159800?
9
What is the tens digit of 7951501?
0
What is the millions digit of 13303552?
3
What is the ten thousands digit of 196271?
9
What is the hundred thousands digit of 271286?
2
What is the ten thousands digit of 1720506?
2
What is the hundreds digit of 641169?
1
What is the ten thousands digit of 1353439?
5
What is the hundreds digit of 934913?
9
What is the tens digit of 3946382?
8
What is the hundred thousands digit of 25124451?
1
What is the thousands digit of 8726283?
6
What is the hundreds digit of 530734?
7
What is the thousands digit of 558313?
8
What is the hundreds digit of 7543743?
7
What is the hundreds digit of 750909?
9
What is the ten thousands digit of 283946?
8
What is the tens digit of 1331370?
7
What is the hundred thousands digit of 473750?
4
What is the thousands digit of 661033?
1
What is the tens digit of 3647656?
5
What is the hundreds digit of 954589?
5
What is the thousands digit of 7102785?
2
What is the units digit of 15924941?
1
What is the ten thousands digit of 14103227?
0
What is the hundreds digit of 1025160?
1
What is the thousands digit of 70769?
0
What is the thousands digit of 293683?
3
What is the millions digit of 20512724?
0
What is the hundreds digit of 14265053?
0
What is the ten thousands digit of 564409?
6
What is the thousands digit of 835585?
5
What is the thousands digit of 1664639?
4
What is the hundreds digit of 190375?
3
What is the units digit of 2466872?
2
What is the millions digit of 9132543?
9
What is the thousands digit of 28422219?
2
What is the units digit of 16826484?
4
What is the ten thousands digit of 2164905?
6
What is the thousands digit of 41415402?
5
What is the tens digit of 1265249?
4
What is the hundreds digit of 2228971?
9
What is the tens digit of 4006157?
5
What is the hundreds digit of 277166?
1
What is the millions digit of 5959861?
5
What is the thousands digit of 808431?
8
What is the ten thousands digit of 4048843?
4
What is the hundreds digit of 299292?
2
What is the thousands digit of 386672?
6
What is the ten millions digit of 12208393?
1
What is the millions digit of 12282940?
2
What is the units digit of 854911?
1
What is the ten thousands digit of 20913549?
1
What is the tens digit of 6910839?
3
What is the hundreds digit of 1322?
3
What is the hundred thousands digit of 413000?
4
What is the hundred thousands digit of 1055992?
0
What is the millions digit of 12563751?
2
What is the ten thousands digit of 455671?
5
What is the hundreds digit of 4821981?
9
What is the thousands digit of 411294?
1
What is the hundred thousands digit of 1064888?
0
What is the tens digit of 14210153?
5
What is the hundred thousands digit of 1611200?
6
What is the thousands digit of 7002788?
2
What is the ten thousands digit of 510751?
1
What is the hundreds digit of 227322?
3
What is the tens digit of 2234737?
3
What is the units digit of 2792?
2
What is the units digit of 2268242?
2
What is the ten thousands digit of 616356?
1
What is the units digit of 107354?
4
What is the hundred thousands digit of 197800?
1
What is the millions digit of 3563003?
3
What is the ten thousands digit of 5306411?
0
What is the thousands digit of 17115059?
5
What is the hundreds digit of 134534?
5
What is the tens digit of 472002?
0
What is the thousands digit of 2424586?
4
What is the ten thousands digit of 4829631?
2
What is the units digit of 192890?
0
What is the hundred thousands digit of 621926?
6
What is the thousands digit of 5828981?
8
What is the ten thousands digit of 1045540?
4
What is the millions digit of 1850856?
1
What is the hundreds digit of 1756166?
1
What is the hundreds digit of 700682?
6
What is the tens digit of 4264523?
2
What is the units digit of 145461?
1
What is the hundred thousands digit of 21459337?
4
What is the hundreds digit of 14132?
1
What is the millions digit of 12022554?
2
What is the hundreds digit of 731558?
5
What is the units digit of 104194?
4
What is the hundred thousands digit of 4846006?
8
What is the hundred thousands digit of 4965369?
9
What is the units digit of 5897890?
0
What is the hundreds digit of 17538?
5
What is the thousands digit of 364480?
4
What is the hundreds digit of 227476?
4
What is the thousands digit of 78618?
8
What is the millions digit of 6479525?
6
What is the thousands digit of 3739215?
9
What is the tens digit of 701577?
7
What is the ten thousands digit of 1272521?
7
What is the units digit of 500798?
8
What is the ten millions digit of 15422631?
1
What is the ten thousands digit of 108778?
0
What is the units digit of 15380958?
8
What is the ten thousands digit of 2077479?
7
What is the hundred thousands digit of 6970163?
9
What is the thousands digit of 515033?
5
What is the millions digit of 2633279?
2
What is the tens digit of 13349406?
0
What is the units digit of 6086765?
5
What is the ten millions digit of 24008976?
2
What is the hundred thousands digit of 683095?
6
What is the millions digit of 5910073?
5
What is the units digit of 368950?
0
What is the hundreds digit of 338242?
2
What is the hundreds digit of 14360462?
4
What is the thousands digit of 8355729?
5
What is the hundred thousands digit of 6013561?
0
What is the hundreds digit of 3149638?
6
What is the hundred thousands digit of 896452?
8
What is the hundred thousands digit of 711570?
7
What is the hundred thousands digit of 7228456?
2
What is the ten thousands digit of 29709?
2
What is the hundred thousands digit of 9143400?
1
What is the hundreds digit of 814292?
2
What is the ten thousands digit of 166999?
6
What is the units digit of 5577740?
0
What is the hundreds digit of 151959?
9
What is the hundred thousands digit of 3590329?
5
What is the thousands digit of 1051108?
1
What is the hundreds digit of 447130?
1
What is the units digit of 14215918?
8
What is the ten thousands digit of 401838?
0
What is the ten thousands digit of 200125?
0
What is the tens digit of 1204540?
4
What is the millions digit of 11692747?
1
What is the units digit of 2288742?
2
What is the thousands digit of 10617036?
7
What is the units digit of 128792?
2
What is the hundred thousands digit of 9363204?
3
What is the hundreds digit of 281899?
8
What is the millions digit of 1337252?
1
What is the units digit of 46794?
4
What is the thousands digit of 12175?
2
What is the hundreds digit of 624979?
9
What is the ten thousands digit of 9671081?
7
What is the thousands digit of 15690?
5
What is the ten thousands digit of 5014991?
1
What is the millions digit of 1159029?
1
What is the hundred thousands digit of 349219?
3
What is the units digit of 240424?
4
What is the ten millions digit of 30558336?
3
What is the hundred thousands digit of 18625904?
6
What is the thousands digit of 277490?
7
What is the hundred thousands digit of 182253?
1
What is the tens digit of 652316?
1
What is the hundreds digit of 1615589?
5
What is the hundred thousands digit of 268149?
2
What is the units digit of 7238580?
0
What is the hundred thousands digit of 9028694?
0
What is the thousands digit of 88620?
8
What is the millions digit of 7154111?
7
What is the hundreds digit of 246314?
3
What is the units digit of 33164?
4
What is the thousands digit of 284869?
4
What is the tens digit of 2010205?
0
What is the tens digit of 3978602?
0
What is the ten thousands digit of 146712?
4
What is the units digit of 398592?
2
What is the millions digit of 5820753?
5
What is the millions digit of 1266362?
1
What is the units digit of 10446584?
4
What is the tens digit of 9303529?
2
What is the hundreds digit of 2426424?
4
What is the millions digit of 2660666?
2
What is the hundreds digit of 2856525?
5
What is the hundreds digit of 525271?
2
What is the hundreds digit of 25814285?
2
What is the hundred thousands digit of 13270518?
2
What is the ten thousands digit of 717253?
1
What is the hundreds digit of 19694334?
3
What is the t